u). Calculate p(1).
-19
Let n be (-21)/(-14) - (11/(-2) - 1). Let u(d) = d**2 - 7*d - 7. Let s be u(n). Let w(m) = -5*m**2 + 1. What is w(s)?
-4
Let b(u) = -7*u**2 + 106*u + 107. Let c = 23267 - 23268. What is b(c)?
-6
Suppose -y = 5*i - 15, 0 = 6*y - 4*y + i - 3. Let g(c) = c**3 - 2*c**2 - 2*c - 6. Let w be g(y). Let j(r) = -r - 5. What is j(w)?
1
Let h(j) = -21*j**3 - 50*j**2 + 5*j + 3. Let u(o) = 106*o**3 + 275*o**2 - 26*o - 16. Let g(n) = -11*h(n) - 2*u(n). What is g(-1)?
-17
Let y(d) = 9*d**2 + d - 1. Let t be 528/352*((-5)/(-6) + 15/(-10)). What is y(t)?
7
Suppose 2*w - 2*h = 12, 83*w - 81*w + 2*h - 12 = 0. Let n(k) = -k**3 + 9*k**2 - 9*k - 12. Calculate n(w).
42
Suppose 0 = -65*f + 64*f, -4*r - 44 = -5*f. Let s(l) = -3*l**3 - 34*l**2 - 12*l - 19. Calculate s(r).
-8
Suppose -314866 = 20*o - 314846. Let a(g) = -1 + 3*g - 3*g - 2*g + 4*g**3. Determine a(o).
-3
Let c(x) = 67*x - 1. Let m(j) = -56*j. Let z(l) = 5*c(l) + 6*m(l). Let k = -141 - -153. Give z(k).
-17
Let p(r) = 4*r + 14*r - 7*r + 4 - 10*r + 0*r. Let n be (1 + 1)*15/6. Calculate p(n).
9
Let h(x) = -4. Let z(c) = 4*c - 30. Let r be (98/21 + -4)*(-18)/(-2). Let p(o) = r*h(o) - z(o). Determine p(7).
-22
Let l(w) = -9*w**2 + 19*w - 12. Let v(f) = 4*f**2 - 9*f + 6. Let b(q) = -3*l(q) - 7*v(q). Let a be (125/(-175))/(10/(-70)). Give b(a).
-1
Let i(f) = -3 - 1 + 3. Let u(l) be the second derivative of -l**3/6 + 5*l**2/2 + 77*l. Let k(w) = 10*i(w) + 2*u(w). Calculate k(1).
-2
Let u = 17 - 14. Let w(b) = -2*b**2 + 0*b + u*b + b**3 + 3*b**2 + b**2. Let y(g) = g - 4. Let d be y(2). Calculate w(d).
-6
Let f(s) = -46*s**2 - 20*s - 14. Let z(m) = -16*m**2 - 7*m - 5. Let q = 79 + -62. Let p(l) = q*z(l) - 6*f(l). What is p(1)?
4
Let v(g) = 8*g**2 + 5*g + 3. Let z(r) = -14*r**2 - 10*r - 6. Let t(y) = -5*v(y) - 3*z(y). Let n = -3 - 2. What is t(n)?
28
Let o(w) be the first derivative of -w**7/840 - w**6/360 + w**5/60 - 4*w**3/3 - 2*w + 93. Let r(v) be the third derivative of o(v). What is r(-2)?
0
Let b be -9 - (-1 + -4) - -2 - -3. Let s(l) = -13*l**2 + l - 3. Let c(q) = 24*q**2 - 3*q + 8. Let i(f) = 2*c(f) + 5*s(f). Determine i(b).
-17
Let u(z) = -3*z**2 - 71*z - 412. Let l be u(-11). Let j(y) = -y**3 + 7*y**2 - 8*y + 1. Give j(l).
-11
Suppose -4*h - 6 = 2*p, -15 = 2*h - 60*p + 65*p. Let u(w) = -w**2 + 14*w + 2. Calculate u(h).
2
Let v(t) = -t**3 - t**2 - 3*t - 3. Let o be (-1948)/4 + (-5)/(20/24). Let w = o + 490. What is v(w)?
24
Let b(t) = -t**3 - 21*t**2 - 18*t - 5. Let n(f) = f**3 + 5*f**2 + 4*f + 1. Let r(l) = -2*b(l) - 9*n(l). What is r(1)?
-9
Let i(p) = p - 2. Let o(m) = -m**2 - m + 14. Let n be o(8). Let h be 3/2*-2 - 53. Let t = n - h. Give i(t).
-4
Let w(g) = g**3 + g**2 - 12*g + 1. Suppose 30*p - 20*p = -40. Let q be w(p). Let x(v) = -13*v**2 + 2*v - 1. Give x(q).
-12
Let z(u) be the third derivative of -u**6/120 + 3*u**5/20 - 5*u**4/24 - u**3/2 - 50*u**2 + 2. Give z(7).
60
Let i(j) be the second derivative of -j**5/20 - 5*j**4/12 - 11*j**3/6 - 2*j**2 + 37*j + 17. Determine i(-3).
11
Let p(z) be the third derivative of 3/8*z**4 + 0*z + 1/120*z**6 + 0 - 1/6*z**5 + z**2 - 3/2*z**3. Suppose 63*q = -58 + 625. What is p(q)?
-9
Let u(t) = 244*t - 480. Let s be u(2). Let g(m) = m**3 - 7*m**2 - 10*m + 22. What is g(s)?
6
Let d(h) be the first derivative of 2*h**3/3 - h**2/2 - h - 100. Calculate d(3).
14
Let s(a) = 20*a + 108. Suppose 0 = -15*z - 24*z - 45*z - 420. Calculate s(z).
8
Let l(v) = v**2 + 28*v - 6. Let a be (-1)/25 + 4368/(-175). Calculate l(a).
-81
Let c(x) = -4*x**2 - 1 + x**2 + 3*x + 4*x**2. Suppose 31*u - 12 = 28*u, 0 = 5*z + 3*u - 52. Suppose -z*r + 103 = 127. Determine c(r).
-1
Suppose -21*j = -5*g - 17*j + 12, g = -5*j - 15. Let v(k) = 28 - 27 + 10*k**2 + g*k**2 + 5*k**2. Determine v(1).
16
Let f(s) be the first derivative of s**3/3 + 3*s**2/2 + s + 1. Let h = -648 - -646. Let p be h/12*-3*4 + -5. Calculate f(p).
1
Let a(r) be the first derivative of -r**3/3 + 4*r**2 - 18*r - 487. Calculate a(6).
-6
Let y(h) = h**3 - 15*h**2 + 12*h + 24. Suppose -3*f = 74*z - 78*z + 68, 4 = -f. Calculate y(z).
-4
Let k(t) be the first derivative of t**3/3 - 3*t**2/2 - 30*t - 385. Determine k(-5).
10
Suppose -50 - 42 = -23*r. Suppose -r*v + 10 = f, -5*f + 0*v + v = 13. Let a(t) = 3*t - 1. Give a(f).
-7
Suppose -13*y = -10*y - 300. Let b be (2 + 136/20)/((-8)/y). Let l = -106 - b. Let s(a) = -a**3 + 2*a**2 + 5*a + 3. What is s(l)?
-9
Let z = -7 - -56. Let x be 112/z - 6/21. Let h(p) = -37*p**2 + 19*p**x + 19*p**2 + 11 + 11*p. What is h(-8)?
-13
Let t(p) be the second derivative of -p**4/12 - 4*p**3/3 - p**2/2 - 27*p. Let i = -4 + 12. Suppose -i*x = -17*x - 54. Calculate t(x).
11
Suppose 2*q - 95 + 3 = 0. Let c = -16 + q. Let f(n) = -4*n - n**2 - 12 + c - 24. Determine f(-4).
-6
Let s be (45/(-150) - (-951)/270) + (-10)/45. Let t(l) = l**3 - 2*l**2 - 8*l + 8. Give t(s).
-7
Suppose 15*q = 10*q, -5*q + 6 = o. Let m(u) be the third derivative of u**6/120 - 2*u**5/15 + u**4/4 + u**3/3 + 43*u**2. Calculate m(o).
-34
Let j = -4 - 0. Let y(g) = -9*g**3 - 2*g**2 - 7*g. Let z(r) = -r**2 - 102*r**3 + 2*r**2 + 104*r**3 + r. Let o(t) = -y(t) - 5*z(t). Calculate o(j).
8
Let l(k) = -k**2 + 9*k - 16. Suppose -4*b = -26*x + 28*x - 34, 43 = 3*x + 4*b. What is l(x)?
-16
Let w(t) be the first derivative of -t**4/4 + 5*t**3/3 + t**2 + 3516. Determine w(5).
10
Let x(v) = -27*v + 200. Let y be (0 - -2)*56/(-336)*-21. What is x(y)?
11
Let z(s) = s**3 + 5*s**2 - 1. Let u be -5 + (-114)/(1/(-1)). Let b be (-7 - u)*3/(-12). Let i = b - 34. Give z(i).
-1
Let v(q) = -6*q + 88. Suppose 27*w - 210 - 150 = 72. What is v(w)?
-8
Let o(q) = q**3 + 21*q**2 + 23*q + 58. Suppose -w - 121 = -2*z - 97, 5*w + 4*z = -92. Calculate o(w).
-2
Suppose 4*c = -4*t + 140, -10 - 59 = -3*t + 3*c. Let r(u) = u**3 - 30*u**2 + 29*u + 5. Give r(t).
5
Let g(w) be the third derivative of w**6/120 - 3*w**5/20 - 5*w**4/24 + 11*w**3/3 + 2046*w**2. Determine g(8).
-82
Let c(u) be the second derivative of u**5/20 - 4*u**4/3 + 12*u**3 - 57*u**2/2 - 8226*u. Calculate c(7).
6
Let p(k) be the third derivative of -k**6/120 - k**5/4 + 7*k**4/12 + 13*k**3/2 - 3*k**2 - 2*k - 9. Calculate p(-16).
71
Let m(t) = 5*t**3 + 6*t**2 + 11*t + 10. Let o(q) = 6*q**3 + 6*q**2 + 12*q + 11. Let j(a) = -5*m(a) + 4*o(a). Suppose 49*r + 114 = 22*r - 21. Determine j(r).
4
Let w(s) = -s - 4. Let i(m) = 2 + 6 - 7. Let o(d) = -2*i(d) - w(d). Let a(r) = 2*r + 2. Let l(p) = -a(p) + o(p). Give l(-1).
1
Let x(u) = u**3 + 8*u**2 - 4*u - 20. Let j be (-4)/(9/36*-26 - -7). Calculate x(j).
12
Let v(b) be the first derivative of 23*b**6/120 - b**5/60 + 147*b**2/2 - 6. Let d(s) be the second derivative of v(s). Give d(-1).
-24
Let s(j) be the second derivative of -2*j**3/3 - 69*j**2/2 - 9*j. What is s(-19)?
7
Let a(m) = -2*m**2 - 90*m + 20. Let f be a(-48). Let h = -267 - f. Let j(z) = -4*z - 3. Give j(h).
-7
Suppose -9 = -i + 3*d, -3*i = 207*d - 211*d - 32. Let j(m) = 4*m - 22. Calculate j(i).
26
Suppose -3*h - 100 = 4*t, 32*h = -4*t + 33*h - 84. Let k(c) = -c**2 - 21*c + 25. Determine k(t).
3
Suppose 33*r = 26*r + 2800. Let c(f) = 6*f + 0*f - 401*f**2 - f - 1 + r*f**2. Give c(2).
5
Let m(k) be the second derivative of -k**4/3 - 3*k**3/2 - 7*k**2/2 + 42*k - 11. What is m(-3)?
-16
Let o(v) = -5*v + 3. Suppose 3*q = 60 - 33. Suppose 4*r - q*r + 13 = 4*y, 2*r - 3*y = -4. Determine o(r).
-2
Let u(r) = -r**2 + 11*r + 4. Suppose -16*h + 63 = -17. Let q be -5 - (-13 + h + -8). What is u(q)?
4
Let y(k) = 7*k**2 - 5*k + 16. Let r(v) = -9*v**2 + 6*v - 20. Let s(g) = 5*r(g) + 6*y(g). What is s(-4)?
-52
Let g(p) = 517 - 710 + 2*p - 3*p**2 + 2*p + 185. Calculate g(-4).
-72
Let y = -119 + 122. Let g be 1/(-1*2/(-44)). Suppose -a + 9 + y = -4*d, 3*d = 4*a - g. Let s(f) = f**3 - 5*f**2 + 5*f - 2. What is s(a)?
2
Let c = 47 + -14. Let r = 33 - c. Let z(q) = q**3 + 64*q - 63*q - 6 + r*q**2 - 2*q**2. What is z(3)?
6
Let t(o) = o**3 - 15*o**2 - 14*o + 31. Suppose -70*a + 1026 = -94. Give t(a).
63
Let a(b) = -1 - 79414553*b + 79414560*b - 3. Let o = -1 + 6. What is a(o)?
31
Let p(h) = h**2 + 1. Let d be 2/(-1) - 6/(-3). Suppose 0 = -q + 4*t - 6 + 33, -5*t + 60 = 5*q. Suppose -q*r - 4 + 19 = d. Calculate p(r).
2
Suppose -9*g - 4*q - 32 = -5*g, 2*q = -g - 11. Let k(p) = 5*p + p - 3*p - 4*p - 5. Calculate k(g)